 f**3 - 2*f**2 + f - 4. Calculate l(o).
8
Let h(z) be the third derivative of -z**6/60 - z**5/15 - z**4/12 + z**3/3 - z**2. Let o be 3/((15/(-2))/5). What is h(o)?
6
Suppose -2 - 14 = 4*u. Let s = u - -9. Let z(r) = -1 - r + 0 + s - 3. Calculate z(5).
-4
Let y be (-1)/(-2) - (-23)/2. Let k = 12 - y. Let z(h) = 3*h - 2*h - 1 + 2. Determine z(k).
1
Let x(d) = d**2 - 9*d + 8. Let s be x(8). Suppose s = -w + 2 - 0. Suppose 0 = c - 3*c + w. Let h(i) = 6*i + 1. Give h(c).
7
Suppose 2*o = 5 - 1. Suppose -4*a - 16 = o*z - 3*z, 2*a = -10. Let h(x) = x + 2. What is h(z)?
-2
Let v(y) = 9*y**3 + 5*y**2 - 2. Let f(i) = 5*i**3 + 3*i**2 - 1. Let w(c) = -7*f(c) + 4*v(c). Let d be (-3)/6 + (-5)/(-2). Determine w(d).
3
Suppose -2 = 3*x + 1. Let w(l) = -8*l**2 - 1. Determine w(x).
-9
Let a(d) = d + 7. Let f(t) = -t**3 - 5*t**2 - 5*t - 4. Let h be f(-3). What is a(h)?
0
Let z(s) = 10*s**3 - 1. Let o be (-2)/4 + 12/(-24). What is z(o)?
-11
Let t(h) = -22*h + 2 - 21*h + h**2 + 53*h - 14*h. Give t(4).
2
Let r(s) = 4*s + 31. Let j(w) = w + 6. Let u(i) = 11*j(i) - 2*r(i). Let c be 1 + -2 + 2/1. Let g be ((-6)/(-8))/(c/(-4)). What is u(g)?
-5
Let w = 212 + -209. Let b(i) be the first derivative of 3 - i + 8/3*i**w + i**2. What is b(1)?
9
Let q(h) = -h. Suppose -4*o + 0 = 2*w - 2, -w + 13 = -4*o. Determine q(o).
2
Let q = -1 - 1. Let y(s) = 9*s + 2. Determine y(q).
-16
Let z(t) = t**3 - 4*t**2 + 4. Let w(f) be the first derivative of f**3/3 + 5*f**2/2 + 5*f - 3. Let x be w(-6). Let i = x + -8. Calculate z(i).
-5
Let y(g) = 3*g + 3. Let s(w) = 2*w**2 - w - 1. Let v be s(-1). Suppose -2 = -3*z + v*x, -z + 0*x = 4*x + 18. Let b = z + -2. Calculate y(b).
-9
Let j(f) = -f**2 + 15*f + 78. Let r be j(19). Let l(g) = -1 + 0*g**3 + 0*g - g**3 + 2*g - g**2. Determine l(r).
-9
Let o(w) = 4*w - 2. Suppose 80 = 3*q + 74. What is o(q)?
6
Let w(h) = h**2 + 9*h. Suppose 4*o + 0*o + 36 = 0. What is w(o)?
0
Suppose -4*o - 2*h = -h - 27, h + 9 = 2*o. Let g(i) = 3*i - 8. Give g(o).
10
Let t(k) = -5*k - 55. Let d(n) = n + 11. Let i(l) = 11*d(l) + 2*t(l). Give i(-11).
0
Let y be ((-24)/(-18) - 1)*0. Let q(v) = -8 + v - 5*v**2 + 4*v**2 + 0*v**2. Give q(y).
-8
Let y(s) be the second derivative of 5/2*s**2 - 2*s + 0 - 1/12*s**4 + 1/6*s**3. Calculate y(0).
5
Let v(g) = -g**3 + 5*g**2 + 6*g - 7. Let h = 1 - -1. Suppose -7*d + 30 = -h*d. What is v(d)?
-7
Let p(d) = 2*d**2 + 2*d + 1. Let o be (2*1/(-2))/1. Let f be p(o). Let h(w) = -2*w - 3*w**2 + 0 - w**3 + f - 1 + 2. Calculate h(-3).
8
Let w(c) be the second derivative of -c**5/10 + c**4/4 - c**2/2 - 6*c. Let f(r) = r**3 - 4*r**2 + 5*r - 4. Let l be f(3). Determine w(l).
-5
Let b(u) = 5 - 4 + 3 + 9*u**2 - 3*u - 8*u**2. What is b(3)?
4
Let z(v) = 5*v**3 - 1. Let x(g) = g**3 - 2*g**2 - 6*g - 7. Let p be x(4). Give z(p).
4
Suppose -5*f + 3*s = -2*s - 20, 2*s + 20 = 5*f. Let w(k) = 1 + 3 - 2*k - 2*k. Let i(q) = q - 1. Let b(y) = -3*i(y) - w(y). What is b(f)?
3
Let h(b) = 5*b**2 - 9*b - 14. Let p(q) = q**2 - 2*q - 3. Let w(s) = -2*h(s) + 11*p(s). Determine w(4).
-5
Let l(i) = 7*i**2 - i - 10. Let n(h) be the first derivative of 2*h**3 - 9*h - 3. Let x(r) = -5*l(r) + 6*n(r). Give x(-6).
2
Let m(k) = k - 3. Let c = 29 + -17. Suppose -4*f + 4 = -c. What is m(f)?
1
Let r(v) = v**2 - 7*v + 2. Let n(f) = f**2 - 7*f + 2. Let j(i) = -5*n(i) + 6*r(i). Give j(7).
2
Let y(m) = -m + 1. Let n be y(5). Let z(f) be the third derivative of 0 + 0*f - 1/12*f**5 - 1/120*f**6 - 2*f**2 - 1/6*f**4 + 1/3*f**3. Calculate z(n).
2
Let n(l) be the first derivative of l**3/3 - 3*l**2 - 7*l - 9. What is n(7)?
0
Let x(g) be the second derivative of 0 - 5/12*g**4 + g**2 + 1/6*g**3 + 1/20*g**5 + 5*g. Calculate x(2).
-8
Let j(d) be the second derivative of d**2 - 2*d + 1/3*d**4 + 0 + 1/20*d**5 + 1/2*d**3. Let h be (9/6)/((-4)/8). Determine j(h).
2
Let d(y) = 0*y - y + 3*y. Suppose 2*r + 9 = c, -c - 3*r - 3 = -2*r. Suppose -u = -c - 0. What is d(u)?
2
Let z = 6 + -5. Suppose 0 = 4*t + 3*v - 18, -t - v = -2*t + z. Let k(d) = 8*d + 4. Let n(w) = -w - 1. Let i(m) = -k(m) - 5*n(m). Determine i(t).
-8
Let y(v) = 4*v - 3. Let m = -1 - -2. Let j(r) = 1 + 3*r - r - 3*r. Let h(c) = m*y(c) + 3*j(c). Calculate h(0).
0
Let y = -31 + 29. Let z(u) = -u. Give z(y).
2
Let n(l) be the second derivative of -3*l**2 + 1/2*l**3 + 7*l + 0. Determine n(6).
12
Let b(h) = h**3 - 3*h**2 + 3*h. Let g be b(2). Suppose 5*w - 3 = g*w. Let t(p) = -p**2 - 4 + 0*p - p - 1 - w. What is t(0)?
-6
Let r(t) = t. Let n(s) = s - 7. Let d be n(10). Suppose d*y = -0*y + 6. What is r(y)?
2
Let f be (-4)/14 + 51/7. Let v(n) = n**3 - 6*n**2 - 6*n - 6. Determine v(f).
1
Let s(b) = -2*b**3 + 2*b**2 + 2*b + 1. Let o(i) = -i**2 - 5*i + 1. Let z be o(-4). Suppose -z*u = -3*u + 2. Let y be s(u). Let j(l) = l. Give j(y).
3
Let r(p) = 4*p + 1. Let f(x) = -x**2 + x + 3. Let d be f(2). Give r(d).
5
Let r(s) be the third derivative of -1/12*s**4 + 3*s**2 - 1/6*s**3 + 0*s + 0. Give r(1).
-3
Let v(z) be the second derivative of -1/2*z**2 + 1/6*z**3 + z + 0. Determine v(6).
5
Let r be 0 + (0 + -1)*-3. Let j(b) = 2*b**2 + 5 - 6 - 4*b + 4*b**2 - b**r. Give j(5).
4
Suppose 0*f - 1 = -f. Suppose 2*w + 2 = 5*j, 1 = -2*w - 5*j - f. Let q(o) = -3*o + 1. What is q(w)?
4
Let f(a) = -6*a**2 + a. Let w(z) = z + 3. Let k be w(8). Suppose 5*p + k - 31 = 0, 4*g = -3*p + 16. Determine f(g).
-5
Let o be (2 - 4)/(2/(-9)). Let f(u) = 7*u - 4 - 8*u**2 - u + o*u**2. Calculate f(-5).
-9
Let o(y) = y**2 - y + 1. Let p(z) = -z**3 + 2*z**2 + 3. Let x(b) = -2*o(b) + p(b). Let c(f) = 2*f**2 + 8 - 2 + 5*f - f**2. Let w be c(-4). Determine x(w).
-3
Let d(n) be the second derivative of -n**3/6 + 5*n**2/2 - n. Determine d(6).
-1
Let b = -14 + 20. Let j be (-8)/(-12) + 2/b. Let o(f) = j + f + 1 + f. Calculate o(-3).
-4
Let c(q) = 3*q**2 + q. Let o(d) = -20*d**3 + d**2 + 3*d + 1. Let h be o(-1). Let r = h + -18. Calculate c(r).
4
Suppose -3*i - 5*m + 40 = 0, 4*i = i + m + 10. Let l(x) = -3*x - 3*x + i*x. Let d be 21/(-4) - (-3)/12. Give l(d).
5
Let p = -260 + 263. Let x(u) be the second derivative of -u + 0 + 1/2*u**2 + 1/6*u**3. Give x(p).
4
Suppose 0*l = 6*l - 12. Let b(o) = -o**3 + 5*o**2 - o + 1. Give b(l).
11
Let g(o) = 2*o**2 + 4*o + 2. Let u = 66 + -68. Calculate g(u).
2
Let j(u) = 5*u**2 + 11. Let s(d) = 4*d**2 + 10. Let i(n) = -3*j(n) + 4*s(n). Give i(0).
7
Let p = 5 - 3. Suppose 2*q - 4*q = -5*c - 14, p*q - 2 = -c. Let w(k) = q*k - 3*k + 2 + 4. Determine w(5).
1
Let h(b) = 3*b**2 - 5*b + 6. Let l(t) = 7*t**2 - 9*t + 12. Let n(u) = -5*h(u) + 2*l(u). Suppose 4*a = -8, -i + 2 = -2*a - 5. Suppose i*o = 2*o + 4. Give n(o).
6
Let w(a) be the third derivative of -a**5/60 + a**4/6 - a**3/6 - 5*a**2. What is w(3)?
2
Let p(d) = -d + 5 + 6 - 9. Suppose -2*i - 8 = -4*i. Let a be 11/i + (-11)/(-44). Determine p(a).
-1
Let y = -6 + 9. Let l(m) = m**2 + 4*m - 4. Let o(q) = -q. Let d(i) = -l(i) - 4*o(i). Calculate d(y).
-5
Let o(c) = -5*c**2 - 7*c - 2. Let q(r) = 11*r**2 + 15*r + 3. Let i(m) = -13*o(m) - 6*q(m). Let a be (0 - -2 - 2)/(-1). What is i(a)?
8
Let m(g) = -4*g. Let o(y) be the first derivative of -y**4/4 - y**3 - y**2 - 4*y - 2. Let r be o(-3). Determine m(r).
-8
Let o(v) = v**3 - 6*v**2 - 7*v + 7. Let h be ((-6)/33 - 12/(-66)) + 7. Give o(h).
7
Suppose 6 = 3*d - 4*d. Let c = d + 6. Let z(m) = m + 2. Give z(c).
2
Let b = 22 - 10. Suppose -4*o - 12 = 2*q, 0 = 6*o - 3*o + b. Let l(z) = -z**2 + 4*z - 1. Let i(p) = -p**2 + p. Let c(v) = q*i(v) - l(v). What is c(-4)?
-7
Let y be (3/6 + 0)/((-6)/(-96)). Let p(a) = -a**3 + 8*a**2 + a - 11. Give p(y).
-3
Let d(h) = 4*h**2 - 2*h - 6. Let z(v) = -v**2 + 1. Let b(c) = d(c) + 5*z(c). Calculate b(-2).
-1
Let d be 6*(-1)/(-15)*10. Let t(q) = -q**2 + 6*q - 2. What is t(d)?
6
Let t(x) = x - 12. Let w be t(21). Let r(u) = -u + 19. Calculate r(w).
10
Let v(d) = -4*d - 1 + 6 + 3*d. Let p be v(5). Let s(q) = q**2 - q - 1. Calculate s(p).
-1
Let v = -30 - -24. Let j(r) = r**2 + 5*r - 8. Determine j(v).
-2
Let l = 18 - 9. Let x = -8 + l. Let g(a) = 6*a**2 + a - 1. Give g(x).
6
Let k(x) be the first derivative of x**5/20 - x**4/12 + 5*x**2/2 + x - 5. Let s(y) be the first derivative of k(y). Calculate s(0).
5
Let k(m) be the first derivative of m**4/4 - 5*m**3/3 - m**2/2 + 3*m - 1. Determine k(5).
-2
Let i(p) = 14*p**2 - 2*p + 1. Let f 